. Let y be d(0). What is v(y)?
-13
Let w(n) = 6*n**3 - 2*n + 1. Suppose 20 = 5*a + 5*i, -4*a + 4*i - 9 = -a. Give w(a).
5
Let d(h) = -5*h**3 + h**2 - 1. Suppose -3*k = 2*k. Suppose k*z + 3 = -3*z. Let x be 1 - (3 + z - 2). What is d(x)?
-5
Let n = 180 + -186. Let x(j) = -j**3 - 7*j**2 - 6*j - 7. What is x(n)?
-7
Let m(g) = g**3 - 4*g**2 - 3. Let r be m(4). Let f(i) = -i**2 - 4*i + 5. Let l(c) = 2*c**2 + 8*c - 11. Let h(k) = -5*f(k) - 2*l(k). Determine h(r).
-6
Let n(f) be the third derivative of f**9/60480 + f**8/5040 + f**7/5040 - f**6/240 + f**5/20 + 4*f**2. Let g(k) be the third derivative of n(k). Determine g(-4).
-7
Let c(j) = -7*j**3 + 7*j**2 - 2. Let i(o) = 3*o**3 - 4*o**2 + 1. Let z(m) = 2*c(m) + 5*i(m). Let h be z(6). Let s(n) = -13*n. What is s(h)?
-13
Let m(k) = k**3 + 4*k**2 - 5*k - 4. Let w be m(-5). Let g(x) = -x**2 - 5*x - 4. Calculate g(w).
0
Let k = 65 + -71. Let a(u) = u**2 + 6*u - 1. What is a(k)?
-1
Let t = 7 + -2. Suppose -3*p = t*i, -4*p = p - i. Let c(y) = -y**2 + y - 11. Give c(p).
-11
Suppose m = -4*f + 10, f + 6 = 2*f + 2*m. Let r(x) = -x**3 + 2*x**2 - x + 2. What is r(f)?
0
Let q = 3 - 5. Let s(h) be the first derivative of -h**2/2 + 4. Determine s(q).
2
Let q(v) = -v**3 + v + 8. Let p be q(0). Let r be (6/4)/((-4)/p). Let j(s) = 2*s**2 - 4*s**3 - 4*s + 5*s**3 + 2 + 3*s. What is j(r)?
-4
Let r(o) = o**2 - 7*o - 5. Let q be r(8). Suppose -t - q*t + 20 = 0. Let d(b) = -b - t*b + b. Give d(-1).
5
Let w(i) = 2*i - 1. Let o be 1/(-1 - -2) - 10. Let v = o + 11. Give w(v).
3
Let z(r) be the first derivative of -r**3/3 - 4*r**2 - 2*r - 6. Let x be -2 - (6 - 1) - 0. Let w be z(x). Let i(v) = v**2 - 4*v - 3. What is i(w)?
2
Let h(i) = -i**3 + 7*i**2 - 6*i + 3. Let j = 0 - -6. What is h(j)?
3
Let j(r) = -5*r**2 + 5*r + 1. Suppose 2*y - 4*y = -12. Let f(w) be the second derivative of -w**4/2 + 5*w**3/6 - 2*w. Let c(v) = y*f(v) - 7*j(v). Give c(-5).
-7
Let r(o) = -o**2 - 12*o + 4 + 5 + 15*o - 2. Let g = -8 + 13. Calculate r(g).
-3
Suppose 4*z + c + 0 = 2, 6 = -5*z + 3*c. Let j be (z - 0)*5/5. Let p(h) be the first derivative of h**3/3 - h**2/2 + 2*h - 2. Give p(j).
2
Suppose -m + 5*m = 12. Let g(b) = b**3 - 2*b**2 + b - 4. Give g(m).
8
Let r(j) = -j**2 + 2. Suppose -g = -4*g. Suppose 0 = -0*b + 2*b + 4*s + 32, -2*b + 2*s - 8 = g. Let w be b/(-6)*3/(-2). Give r(w).
-2
Let i(g) be the first derivative of -1/4*g**4 + 7/2*g**2 - 6*g + 5/3*g**3 - 1. Let t be i(6). Let d(o) = -o - 1. Give d(t).
-1
Let a be 1*((2 - 9) + 1). Let s(y) = -3*y + 12. Let x(z) = 2*z - 6. Let l(n) = -3*s(n) - 5*x(n). Give l(a).
0
Suppose 3*x + 0*x = 18. Let j(y) be the second derivative of 0 + 1/2*y**2 - 1/12*y**4 + 4*y + 5/6*y**3. What is j(x)?
-5
Let u(m) be the second derivative of -m**3/6 + m**2/2 + m. Suppose 0 = i + 3*i - 4. Suppose 0 = j - i, 3*j + 9 = 3*s - 0*s. Give u(s).
-3
Suppose -h - 3*h + 8 = 0. Let j(i) = 1 - i**h + 5*i**3 + 0 - i - 4*i**3. What is j(0)?
1
Let m(w) = -2*w**2 + 7*w - 6. Let g be ((-14)/(-21) - (-14)/6) + 1. Calculate m(g).
-10
Let y(u) be the first derivative of u**4/4 - 5*u**3/3 - u**2 + 1. Let n = 0 + 5. Give y(n).
-10
Suppose 5*u = 73 + 102. Suppose 0 = -4*g - 2*a + 30, -u = g - 5*g - 3*a. Let c(p) be the second derivative of -p**4/12 + 2*p**3/3 + p**2/2 - 2*p. What is c(g)?
-4
Let x = 147 + -145. Let w(j) be the first derivative of 2*j**x + 4 - 1/3*j**3 + 3*j. Calculate w(4).
3
Let d(o) be the second derivative of -o**3/6 - o**2 + o. Suppose r - 1 + 6 = 0. Calculate d(r).
3
Let u be (1 + -2)/(1/(-2)). Let i(p) = -4 - p - 3*p**2 + 3*p**u - p**3. What is i(0)?
-4
Let g = 9 - 7. Let a(h) = h**g + 2*h + 6*h - 4*h - 2. Determine a(-4).
-2
Let v be 12/(-8)*(-4)/3. Let d(r) = r**2 - r + 1. Determine d(v).
3
Let b(g) be the second derivative of g**3/6 + 2*g**2 - 16*g. Calculate b(3).
7
Let c(h) = -h**2 + 4. Let w be c(0). Suppose 0*l + 2 = 3*o - 2*l, -5*o - w*l - 26 = 0. Let v(f) = -2*f - 2. Determine v(o).
2
Let a(h) = h**3 - 5*h**2 - 7*h + 2. Let y be 2/(-6) - 112/(-21). Suppose -y = -d + 1. Determine a(d).
-4
Let n(v) = v**2 - 6*v - 3. Suppose -6 = 3*t - 15. Give n(t).
-12
Let m(g) = -g**2 + 4*g + 6. Suppose -2*l + 3*l - 5 = 0. Suppose 3*c - o = 4*c, 3*c - l*o - 32 = 0. Suppose 21 = q - c*s, 4*q - q + 3*s - 3 = 0. Calculate m(q).
1
Let w = -9 + 4. Let y(t) = -4*t**2 + 2*t**2 - 2 - 3*t**2 + 2*t - t**3 - 3*t. Determine y(w).
3
Let o(r) be the first derivative of -13*r**2/2 - r + 21. Calculate o(-1).
12
Let w(k) = 3*k**2 + 12*k - 5. Let n(z) = z**2 + z - 1. Let b(y) = 5*n(y) - w(y). Give b(5).
15
Let f(d) = -9*d + 12*d - 8*d - 3*d**3 + 6 + 2*d**3 - 7*d**2. Determine f(-5).
-19
Let l(t) = 2*t**2 + t. Let p(u) = -4*u**2 - 3*u + 1. Let j(b) = -5*l(b) - 2*p(b). Let v(w) be the first derivative of j(w). What is v(-1)?
5
Let c(g) = -6*g**2 + g + 1. Let p be 1 - 1 - (-3)/1. Suppose -5*n = -5*y, 3*n - 4*y - p = 2*n. Give c(n).
-6
Let k(y) = -2*y**2 + 21*y - 1. Let x(q) be the first derivative of q**3 - 16*q**2 + q + 4. Let w(f) = -8*k(f) - 5*x(f). What is w(6)?
-9
Let n(b) = b**2 - 2*b - 2. Let v(g) = g + 10. Let c be v(-7). Give n(c).
1
Let h(u) = -u**2 - 7*u + 5. Let x be h(-8). Let w = 2 - -1. Let y(g) = 2*g**3 - 3*g + 0*g**3 - g**w + 3*g**2. Calculate y(x).
9
Let h(p) = 0*p**2 + 4*p**3 - 3*p**3 + 2*p**2 + 1 + 3 - p. What is h(-3)?
-2
Let r(q) = 3*q**3 - 3*q - 4*q**3 - 5*q**2 + 5*q. Determine r(-5).
-10
Let d = -86 + 88. Let o(f) = -5*f**2 - 13*f - 8. Let g(x) = x**2 + 3*x + 2. Let w(a) = -9*g(a) - 2*o(a). Calculate w(d).
0
Let p(z) = 7*z**2 + 11*z - 2*z**2 - 14 - 9*z**2. Let s(c) = -3*c**2 + 10*c - 13. Let q(x) = -4*p(x) + 5*s(x). Give q(-7).
-2
Let p(v) be the second derivative of 0 + 1/6*v**3 + 7*v - 5/2*v**2. Determine p(5).
0
Let c(x) = -1 - 4*x**3 + 5*x + 5*x**3 - 4*x + 6*x**2. Let i(w) = 4*w**3 + 17*w**2 + 8*w + 10. Let l be i(-4). What is c(l)?
-7
Let n = -4 + 6. Let y(v) = v**2 - v + 1. What is y(n)?
3
Let n(t) be the first derivative of t**4/4 - t**3 - 3*t**2/2 + 2*t + 6. Determine n(4).
6
Let m(w) be the third derivative of -w**9/7560 - w**8/20160 + w**7/2520 - w**6/720 + w**5/15 - 3*w**2. Let z(j) be the third derivative of m(j). Give z(1).
-8
Let h(d) = 8*d + 6*d - 13*d - 2*d. Give h(1).
-1
Let u = 81 - 82. Let b(c) = 0*c - 4*c - 2*c. Give b(u).
6
Let m(s) = 3*s**2 - 6*s**2 + 6*s - 1 - 3*s**2 + s**3. Let o(a) = -a**3 - 10*a**2 + 11*a + 4. Let z be o(-11). Suppose z*x - 20 = -x. What is m(x)?
-9
Suppose -2*b - 18 = -3*t + 10, 52 = -5*b + 3*t. Let l(s) = s**2 + 6*s + 8. Give l(b).
24
Suppose 5 = -2*c - 11. Let r be c/10*(-5)/(-2). Let p(u) = -7*u - 3. Give p(r).
11
Let b(r) = -r**3 - 3*r**2 + 6*r + 4. Let h be b(-4). Let j be (-14)/h*4/14. Let w(c) = -13*c**3 - 2*c**2 + c. Give w(j).
-14
Let d(v) be the first derivative of -v**5/20 + v**4/6 + v**3/6 + v**2 + 3*v + 3. Let c(z) be the first derivative of d(z). What is c(3)?
-4
Let r(z) = -z - 1. Let y(m) = -m. Let b(h) = 3*r(h) - y(h). Calculate b(-4).
5
Let g(r) = 3*r**2 - 12. Let b(k) = -2*k**2 + 8. Let f(w) = -7*b(w) - 5*g(w). Give f(4).
-12
Let d(l) be the first derivative of 1/24*l**6 + 3 - 1/60*l**5 + 0*l - 1/2*l**2 + 1/6*l**3 - 1/24*l**4. Let a(i) be the second derivative of d(i). What is a(1)?
4
Let s = 2 - -1. Let g(j) = -j + 3*j + s*j. Calculate g(1).
5
Let f(s) = s**2 - 9*s - 4. Let v be f(9). Let o(q) = q**2 - q. Let l(d) = 3*d**2 - 5*d - 2. Let u(c) = v*o(c) + l(c). Let k be 2/11 + 48/(-22). What is u(k)?
-4
Suppose 0*h = -4*h + 24. Let x(z) = -z - 5 + 2 + 2 - h*z. Calculate x(-2).
13
Let n(y) = 3*y + 2. Let v(h) = h - 1. Let t be 0 + 1 + (-12)/(-6). Let g be (-5 - -3)*t/(-2). Let p be v(g). Calculate n(p).
8
Let c(b) = -b**2 - 7. Suppose 6*v - 2*v = 36. Let a = v - 9. Calculate c(a).
-7
Suppose 4*j + z - 21 = j, 33 = 3*j - 3*z. Let v = 6 - j. Let w(q) = -q**3 + 3*q**2 + 2*q + 1. What is w(v)?
17
Let d(n) be the second derivative of n**5/20 - 7*n**4/12 + 5*n**3/6 + 4*n**2 + 2*n - 26. Give d(6).
2
Let g(y) = y**3 - 3*y**2. Suppose 0 = -5*v + v + 256. Suppose 4*s - b = 59, -b - b = 5*s - v. Suppose 0 = o + 4, -3*o = u + o + s. Calculate g(u).
-4
Let o(c) = 7*c**2 - 4*c - 3*c**2 + 0*c + 2*c**2. Let j(v) = -v**2. Suppose 3*l + 5*q = 2*l - 20, l + 2*q = -5. Let n(y) = l*j(y) + o(y). What is n(5)?
5
Let b = 2 - 0. Suppose -p = b*p - 15. Let n(a) = 8*a**3 - 4*a**2 - 5*